49492 a multiple of 76?
True
Is 74900 a multiple of 35?
True
Does 48 divide 134825?
False
Does 121 divide 8692?
False
Does 495 divide 22429115?
False
Is 312674 a multiple of 65?
False
Is 170 a factor of 41990?
True
Is 694 a factor of 22532?
False
Is 9 a factor of 51322?
False
Is 7023958 a multiple of 166?
True
Does 34 divide 5888567?
False
Does 3 divide 48159?
True
Is 197839 a multiple of 273?
False
Does 35 divide 1438010?
True
Does 54 divide 2862?
True
Is 21 a factor of 320124?
True
Is 6000 a multiple of 24?
True
Is 29 a factor of 279949?
False
Is 76 a factor of 71684?
False
Does 28 divide 121184?
True
Is 184580 a multiple of 36?
False
Does 126 divide 525312?
False
Is 10189167 a multiple of 165?
False
Is 14 a factor of 1387932?
True
Does 221 divide 52598?
True
Does 437 divide 2722510?
True
Is 222 a factor of 133644?
True
Is 11 a factor of 3787617?
False
Is 210 a factor of 201810?
True
Is 1829070 a multiple of 30?
True
Does 20 divide 148516?
False
Is 42641 a multiple of 293?
False
Does 17 divide 2161329?
True
Is 4 a factor of 339758?
False
Is 920 a factor of 46920?
True
Is 1092768 a multiple of 6?
True
Is 91 a factor of 145675?
False
Is 54 a factor of 1133319?
False
Does 189 divide 41580?
True
Is 26 a factor of 98488?
True
Does 18 divide 10157300?
False
Is 23584 a multiple of 352?
True
Is 51 a factor of 8690502?
True
Is 9 a factor of 7470223?
False
Does 5 divide 157581?
False
Does 70 divide 413490?
True
Does 89 divide 3110995?
True
Does 14 divide 1335?
False
Does 77 divide 2688840?
True
Is 145 a factor of 192415?
True
Does 33 divide 64917?
False
Does 20 divide 6680?
True
Is 34 a factor of 255748?
True
Is 26246 a multiple of 3?
False
Is 28 a factor of 341740?
True
Is 28 a factor of 5656915?
False
Is 5 a factor of 2535437?
False
Is 612521 a multiple of 279?
False
Is 140 a factor of 536997?
False
Does 33 divide 137742?
True
Is 238005 a multiple of 15?
True
Is 1113140 a multiple of 10?
True
Is 82 a factor of 70028?
True
Is 238 a factor of 89726?
True
Is 365391 a multiple of 3?
True
Is 143028 a multiple of 348?
True
Does 897 divide 4568421?
True
Is 406 a factor of 5372944?
False
Is 6 a factor of 1132514?
False
Is 48 a factor of 52224?
True
Does 35 divide 1280320?
False
Is 532 a factor of 14208656?
True
Does 10 divide 2000393?
False
Is 17 a factor of 293981?
True
Does 236 divide 201072?
True
Is 7318801 a multiple of 7?
True
Is 177543 a multiple of 4?
False
Is 314188 a multiple of 28?
True
Is 519 a factor of 3581813?
False
Is 4 a factor of 417713?
False
Is 3375931 a multiple of 27?
False
Does 29 divide 256592?
True
Is 568 a factor of 7509093?
False
Is 28 a factor of 258748?
True
Does 59 divide 294115?
True
Does 16 divide 20772544?
True
Does 534 divide 4563030?
True
Is 4 a factor of 74472?
True
Is 337848 a multiple of 619?
False
Is 619932 a multiple of 242?
False
Is 4466 a multiple of 14?
True
Is 1739933 a multiple of 296?
False
Is 29359 a multiple of 96?
False
Is 4 a factor of 84120?
True
Is 16789200 a multiple of 680?
True
Is 94436 a multiple of 146?
False
Is 950565 a multiple of 823?
True
Is 163 a factor of 74491?
True
Is 111 a factor of 1177971?
False
Is 749486 a multiple of 9?
False
Is 21 a factor of 180743?
False
Does 40 divide 7635160?
True
Is 297248 a multiple of 24?
False
Is 47 a factor of 9118?
True
Is 3351188 a multiple of 70?
False
Is 632754 a multiple of 66?
False
Is 134588 a multiple of 204?
False
Is 3988698 a multiple of 21?
True
Does 105 divide 179340?
True
Is 72181 a multiple of 131?
True
Does 4 divide 24336?
True
Is 7808 a multiple of 4?
True
Is 189518 a multiple of 78?
False
Is 3631399 a multiple of 151?
True
Is 26 a factor of 7975292?
True
Is 16 a factor of 756032?
True
Is 66 a factor of 85866?
True
Is 85625 a multiple of 11?
False
Does 55 divide 29975?
True
Is 45 a factor of 1365975?
True
Is 22437 a multiple of 3?
True
Is 10349151 a multiple of 175?
False
Does 12 divide 755820?
True
Is 173274 a multiple of 170?
False
Is 986076 a multiple of 28?
True
Is 164813 a multiple of 11?
True
Does 16 divide 342854?
False
Is 10 a factor of 235700?
True
Does 67 divide 901535?
False
Is 13 a factor of 322644?
False
Does 28 divide 401978?
False
Is 1041104 a multiple of 20?
False
Does 137 divide 116861?
True
Does 19 divide 207233?
True
Is 162 a factor of 213192?
True
Does 48 divide 6966647?
False
Is 2352664 a multiple of 58?
False
Is 2425015 a multiple of 105?
False
Is 2730 a multiple of 7?
True
Is 4 a factor of 39606?
False
Is 5 a factor of 944865?
True
Is 6 a factor of 4164?
True
Does 119 divide 1962905?
True
Is 1615008 a multiple of 111?
False
Is 1699 a factor of 7047452?
True
Does 12 divide 264396?
True
Is 60 a factor of 251715?
False
Is 3858570 a multiple of 228?
False
Is 1015770 a multiple of 30?
True
Is 2559238 a multiple of 987?
False
Is 32 a factor of 741489?
False
Is 117 a factor of 144290?
False
Does 9 divide 18403?
False
Does 25 divide 520750?
True
Is 33 a factor of 589193?
False
Is 267 a factor of 3652772?
False
Does 79 divide 868234?
False
Is 100 a factor of 142000?
True
Does 7 divide 1755201?
True
Does 598 divide 726570?
True
Does 112 divide 742784?
True
Does 18 divide 968925?
False
Is 955980 a multiple of 678?
True
Is 12 a factor of 3897336?
True
Is 1231 a factor of 3454516?
False
Is 14 a factor of 74506?
False
Does 94 divide 153685?
False
Is 53 a factor of 605100?
False
Is 314 a factor of 19916748?
False
Is 118514 a multiple of 22?
True
Is 236808 a multiple of 9?
True
Is 27 a factor of 3529347?
False
Is 13813056 a multiple of 12?
True
Does 56 divide 365120?
True
Does 170 divide 1021190?
True
Does 722 divide 230917?
False
Is 1124047 a multiple of 61?
True
Does 6 divide 469020?
True
Is 1634331 a multiple of 1940?
False
Does 7 divide 54770?
False
Does 37 divide 272172?
True
Is 414615 a multiple of 6?
False
Does 7 divide 1354423?
True
Is 2437336 a multiple of 88?
True
Is 58 a factor of 6617155?
False
Is 37 a factor of 5060971?
True
Is 108990 a multiple of 126?
True
Does 55 divide 5221490?
False
Does 4 divide 4392?
True
Does 13 divide 1230151?
True
Is 154182 a multiple of 89?
False
Does 104 divide 1612652?
False
Does 32 divide 124096?
True
Is 259 a factor of 305879?
True
Is 4 a factor of 173880?
True
Is 604 a factor of 2342916?
True
Is 593026 a multiple of 155?
False
Is 339328 a multiple of 241?
True
Does 508 divide 62529?
False
Is 487 a factor of 2728650?
False
Does 9 divide 15806?
False
Is 89384 a multiple of 16?
False
Is 25 a factor of 5372750?
True
Does 16 divide 63028?
False
Is 105732 a multiple of 27?
True
Does 84 divide 513492?
True
Is 190647 a multiple of 55?
False
Is 988420 a multiple of 73?
True
Does 37 divide 1578420?
True
Is 97 a factor of 70131?
True
Is 164 a factor of 1174240?
True
Does 697 divide 435225?
False
Is 340517 a multiple of 41?
False
Is 12834 a multiple of 4?
False
Is 2 a factor of 93584?
True
Does 62 divide 34691?
False
Does 435 divide 57855?
True
Does 376 divide 2910635?
False
Is 145 a factor of 2256490?
True
Is 65960 a multiple of 68?
True
Is 3 a factor of 23319?
True
Is 179 a factor of 76075?
True
Is 9 a factor of 54099?
True
Is 29681097 a multiple of 18?
False
Is 12067866 a multiple of 186?
True
Is 188594 a multiple of 11?
False
Is 552024 a multiple of 153?
True
Does 11 divide 443146?
True
Does 43 divide 107401?
False
Is 8106891 a multiple of 177?
False
Does 356 divide 1159492?
True
Does 83 divide 547053?
True
Is 138 a factor of 136482?
True
Is 145992 a multiple of 11?
True
Is 102 a factor of 181510?
False
Does 26 divide 286650?
True
Is 1985760 a multiple of 14?
True
Is 3594097 a multiple of 697?
False
Is 993830 a multiple of 745?
True
Is 122094 a multiple of 102?
True
Is 3 a factor of 162912?
True
Is 3890 a multiple of 10?
True
Does 72 divide 72?
True
Does 65 divide 285301?
False
Is 1373670 a multiple of 45?
True
Does 79 divide 357475?
True
Is 111596 a multiple of 163?
False
Is 613260 a multiple of 4?
True
Is 169002 a multiple of 32?
False
Is 641 a factor of 274989?
True
Is 4519003 a multiple of 32?
False
Is 420 a factor of 21840?
True
Does 46 divide 2790533?
False
Is 53194 a multiple of 6?
False
Is 6207444 a multiple of 22?
False
Is 29 a factor of 807078?
False
Is 11 a factor of 676075?
False
Is 1278144 a multiple of 32?
True
Is 120683 a multiple of 20?
False
Is 688029 a multiple of 1077?
False
Is 1